 millions digit of 2172031689?
7
What is the thousands digit of 977549905?
9
What is the tens digit of 130065257?
5
What is the hundreds digit of 76914515?
5
What is the hundreds digit of 422866922?
9
What is the units digit of 1518865330?
0
What is the hundreds digit of 302444?
4
What is the hundred thousands digit of 264714607?
7
What is the hundreds digit of 70608840?
8
What is the units digit of 55034438?
8
What is the thousands digit of 1000441801?
1
What is the hundreds digit of 76391490?
4
What is the hundred thousands digit of 745597661?
5
What is the ten millions digit of 21539526?
2
What is the ten thousands digit of 4104418655?
1
What is the thousands digit of 3106238764?
8
What is the millions digit of 329840994?
9
What is the millions digit of 51740289?
1
What is the millions digit of 5235034162?
5
What is the hundred thousands digit of 11199606?
1
What is the hundred thousands digit of 5845716?
8
What is the ten millions digit of 190916331?
9
What is the hundred thousands digit of 743155151?
1
What is the hundreds digit of 120545480?
4
What is the hundred millions digit of 1762799847?
7
What is the thousands digit of 65955365?
5
What is the tens digit of 753064912?
1
What is the tens digit of 1085158931?
3
What is the hundred millions digit of 246434688?
2
What is the millions digit of 241715620?
1
What is the hundred thousands digit of 246665064?
6
What is the thousands digit of 552166976?
6
What is the thousands digit of 75516384?
6
What is the hundred millions digit of 1469997014?
4
What is the thousands digit of 163695672?
5
What is the billions digit of 1260330459?
1
What is the thousands digit of 2883470167?
0
What is the ten millions digit of 613048673?
1
What is the millions digit of 4656494?
4
What is the ten thousands digit of 2268580185?
8
What is the thousands digit of 342479028?
9
What is the millions digit of 47998379?
7
What is the hundred thousands digit of 2514047716?
0
What is the hundreds digit of 1778933828?
8
What is the hundred millions digit of 514532988?
5
What is the hundreds digit of 93234130?
1
What is the hundred thousands digit of 2184390800?
3
What is the hundreds digit of 1101132312?
3
What is the ten thousands digit of 974153398?
5
What is the units digit of 61809539?
9
What is the tens digit of 2786013982?
8
What is the units digit of 42989997?
7
What is the ten thousands digit of 178715891?
1
What is the ten thousands digit of 2077217089?
1
What is the ten thousands digit of 519485658?
8
What is the tens digit of 1747934286?
8
What is the millions digit of 5063938297?
3
What is the thousands digit of 74876276?
6
What is the ten thousands digit of 4078409?
7
What is the thousands digit of 743534535?
4
What is the tens digit of 1757878762?
6
What is the hundred thousands digit of 15824898?
8
What is the units digit of 1178474295?
5
What is the hundred thousands digit of 728580698?
5
What is the ten millions digit of 230450466?
3
What is the hundred thousands digit of 2653178494?
1
What is the hundred millions digit of 1876970719?
8
What is the ten millions digit of 37195584?
3
What is the hundred thousands digit of 81276203?
2
What is the ten thousands digit of 39047370?
4
What is the millions digit of 47273255?
7
What is the ten thousands digit of 2113499587?
9
What is the units digit of 15703018?
8
What is the units digit of 148606785?
5
What is the tens digit of 69326041?
4
What is the hundred thousands digit of 76461184?
4
What is the hundreds digit of 963040474?
4
What is the millions digit of 137598224?
7
What is the ten millions digit of 22330468?
2
What is the units digit of 126326617?
7
What is the ten millions digit of 2392775656?
9
What is the tens digit of 200010235?
3
What is the hundred thousands digit of 56902673?
9
What is the thousands digit of 56879022?
9
What is the ten thousands digit of 1233439058?
3
What is the hundreds digit of 230983215?
2
What is the hundred thousands digit of 170311517?
3
What is the hundred thousands digit of 124951632?
9
What is the thousands digit of 1450053176?
3
What is the ten thousands digit of 245983245?
8
What is the hundred thousands digit of 2260737155?
7
What is the millions digit of 182146767?
2
What is the hundreds digit of 571344867?
8
What is the hundred millions digit of 8908488291?
9
What is the hundreds digit of 69050451?
4
What is the millions digit of 264249860?
4
What is the ten millions digit of 84809389?
8
What is the ten millions digit of 2098553104?
9
What is the hundred thousands digit of 3918370368?
3
What is the ten millions digit of 25091743?
2
What is the thousands digit of 69520294?
0
What is the hundreds digit of 30788926?
9
What is the tens digit of 2351711810?
1
What is the millions digit of 169618673?
9
What is the hundreds digit of 9001396?
3
What is the billions digit of 1037787136?
1
What is the billions digit of 1079045196?
1
What is the hundreds digit of 145197982?
9
What is the ten thousands digit of 694957041?
5
What is the units digit of 57101347?
7
What is the ten millions digit of 128118524?
2
What is the ten millions digit of 4140739786?
4
What is the hundreds digit of 314273844?
8
What is the ten millions digit of 44640488?
4
What is the billions digit of 3528542584?
3
What is the hundred thousands digit of 180404326?
4
What is the tens digit of 1267451320?
2
What is the millions digit of 605366199?
5
What is the hundreds digit of 4084281238?
2
What is the hundred millions digit of 816575129?
8
What is the units digit of 4852191659?
9
What is the hundred thousands digit of 53076192?
0
What is the ten thousands digit of 97719097?
1
What is the hundreds digit of 236837035?
0
What is the units digit of 80384641?
1
What is the thousands digit of 36381518?
1
What is the units digit of 136139435?
5
What is the thousands digit of 22541406?
1
What is the ten millions digit of 90933396?
9
What is the ten millions digit of 285347951?
8
What is the millions digit of 291865019?
1
What is the units digit of 3375670523?
3
What is the thousands digit of 17374070?
4
What is the ten millions digit of 182379813?
8
What is the ten thousands digit of 161342163?
4
What is the thousands digit of 60098242?
8
What is the thousands digit of 2668213287?
3
What is the hundred thousands digit of 276773499?
7
What is the millions digit of 658593869?
8
What is the ten thousands digit of 1686105144?
0
What is the millions digit of 91958045?
1
What is the thousands digit of 32454926?
4
What is the millions digit of 604172608?
4
What is the millions digit of 20472243?
0
What is the billions digit of 7379145564?
7
What is the ten thousands digit of 704368526?
6
What is the millions digit of 451236552?
1
What is the units digit of 195713622?
2
What is the ten thousands digit of 704781135?
8
What is the units digit of 109655303?
3
What is the hundreds digit of 146932546?
5
What is the tens digit of 53533469?
6
What is the hundred thousands digit of 57623934?
6
What is the ten millions digit of 209954523?
0
What is the ten millions digit of 2792916681?
9
What is the hundreds digit of 482199108?
1
What is the units digit of 58314682?
2
What is the tens digit of 2209022328?
2
What is the tens digit of 51338190?
9
What is the billions digit of 3164509211?
3
What is the thousands digit of 439863158?
3
What is the ten thousands digit of 24962853?
6
What is the millions digit of 27814742?
7
What is the millions digit of 2738844151?
8
What is the hundred thousands digit of 4578950202?
9
What is the ten millions digit of 325007729?
2
What is the hundreds digit of 666483924?
9
What is the ten thousands digit of 17360768?
6
What is the ten thousands digit of 2458545280?
4
What is the hundred millions digit of 960576348?
9
What is the tens digit of 331623040?
4
What is the thousands digit of 41879586?
9
What is the hundred millions digit of 1192191380?
1
What is the hundred millions digit of 177565614?
1
What is the thousands digit of 851758055?
8
What is the hundred thousands digit of 679099916?
0
What is the tens digit of 1115874649?
4
What is the ten millions digit of 196740569?
9
What is the ten millions digit of 596257646?
9
What is the hundred millions digit of 595941069?
5
What is the millions digit of 948080804?
8
What is the thousands digit o